 - y. What is the remainder when 24 is divided by d?
11
Let f = 18 + -12. What is the remainder when 47 is divided by f?
5
Let j = -3 - -13. What is the remainder when j is divided by (-1)/(-3) - 110/(-30)?
2
Let w be 3 - (3 - 4/(-2)). Let s be w/(-6) + 28/6. Suppose 59 = s*x - 1. Calculate the remainder when 45 is divided by x.
9
Let w(y) = -y**3 - 6*y**2 + 6*y + 3. Suppose -13 = 5*m + 22. Suppose -4*t + t + 54 = 0. What is the remainder when t is divided by w(m)?
8
Let k be 2/(-8) + (-81)/(-4). Let r(s) = s + 1. Let q be r(3). Suppose -2*p - 19 = -2*w - p, 0 = w - q*p - k. Calculate the remainder when 14 is divided by w.
6
Let o(u) = -u**3 - 8*u**2 - 7*u + 3. Let g be o(-7). Suppose -4 = g*b - 16. Calculate the remainder when 10 is divided by b.
2
Let x = -4 - -7. Suppose 7*f - 8 = -k + 3*f, 0 = -3*f + x. What is the remainder when 7 is divided by k?
3
Let g(h) = -h**3 + 5*h + 1. What is the remainder when g(-4) is divided by 24?
21
Suppose -2*j = -10*j + 32. Calculate the remainder when 43 is divided by j.
3
Suppose 0 = 2*y - 5*y - 24. Calculate the remainder when -1 + 4/(y/(-38)) is divided by 5.
3
Let h(v) be the second derivative of v**4/12 + v**3/3 - 2*v**2 + v. What is the remainder when 39 is divided by h(4)?
19
Suppose m - 11 = -5. Suppose -6 = m*r - 7*r. What is the remainder when 22 is divided by r?
4
Calculate the remainder when 32 - (3/(-1) - (0 + 0)) is divided by 3*(-2)/(-9)*27.
17
Let n(r) = -r**2 + 6*r + 2. Suppose -4*g = 3*v - 123, 66 = 4*g - g - 3*v. What is the remainder when g is divided by n(5)?
6
Calculate the remainder when (-58)/(((-2)/(-12))/((-6)/24)) is divided by 45.
42
Let c = 10 + 44. Calculate the remainder when c is divided by 28.
26
Let m(a) = 0 + 27*a + 3*a + 43*a - 2. Calculate the remainder when m(1) is divided by 18.
17
Suppose 3*j - h = 127, -5*h - 119 = -5*j + 2*j. Suppose 2*a + 56 = 3*y + 2, -a = 2*y - j. Calculate the remainder when 38 is divided by y.
18
Suppose -76 - 184 = -5*a. What is the remainder when a is divided by 18?
16
Let b = 0 - -6. Suppose 5*c + 50 = 5*n, 2*c - 9 = -3*n - 4. Suppose 4*r = n*r - b. Calculate the remainder when 17 is divided by r.
5
What is the remainder when 29 is divided by (-44)/(-3) - (-4)/12?
14
Suppose 0 = r + 5*l - 0*l - 3, 3*r - 9 = -5*l. Suppose 0 = -h + r*h - 124. Let v(n) = -3*n + 6. Calculate the remainder when h is divided by v(-5).
20
Let m(x) = 2*x**2 + 11*x + 20. What is the remainder when m(-5) is divided by 10?
5
Suppose 0 = 19*t - 24*t + 520. What is the remainder when t is divided by 53?
51
Suppose -7*u + 30 = -5*u. What is the remainder when u is divided by 9?
6
Let z = 35 - 13. Let j(f) = -f**3 - 8*f**2 + 6*f + 9. Let t be j(-7). Calculate the remainder when z is divided by 2/7 - t/7.
10
Let s be (-6)/(-39) + 37/13. Suppose s*p + 52 = 7*p. What is the remainder when 24 is divided by p?
11
Suppose 0 = 4*i + 4*t + 8, i + 2 - 25 = 4*t. Suppose 0 = o - w + 11, -3*o + 2*w = w + 29. What is the remainder when 4 is divided by -1 - o/(9/i)?
0
Suppose 5*q = l - 0*l + 96, 14 = q + 5*l. Let f = 135 + 50. Suppose 4*m - f + 41 = 0. What is the remainder when m is divided by q?
17
Let d be ((0 - 4)*4)/(-1). Let u be (-3)/(-9)*3 + 3. Suppose -d = -u*s + 2*s. Calculate the remainder when 23 is divided by s.
7
Let j = 47 - 45. Calculate the remainder when 11 is divided by j.
1
What is the remainder when 30 is divided by (-48)/(12/(-4)) + -5?
8
Let t = -68 - -97. Let g = -1 + 9. Calculate the remainder when t is divided by g.
5
Let u(r) = -13*r - 2. Suppose 2*d - 5*s = 46, 5*d = 5*s - s + 81. Calculate the remainder when u(-2) is divided by d.
11
Suppose -3*b + 25 = -4*b. Let y = 62 + b. What is the remainder when y is divided by 13?
11
Let w be -43 + 2/4*-2. Let v = w - -67. What is the remainder when v is divided by 12?
11
Suppose -v - 10 = v. Calculate the remainder when 27 is divided by (v/10)/(2/(-60)).
12
Let i(z) = 4*z + 53. Calculate the remainder when 113 is divided by i(-6).
26
Let h = -14 - -26. Let w(i) = -8*i - 10. What is the remainder when w(-4) is divided by h?
10
Let v be 33/2*(-9 + 25). Calculate the remainder when 4/(-10) - v/(-10) is divided by 14.
12
Suppose 0 = 6*q - 176 - 52. What is the remainder when q is divided by 7?
3
What is the remainder when 72 is divided by (38/10)/(3/30)?
34
Let l(p) = -p**3 + 9*p**2 - 25. What is the remainder when l(8) is divided by 21?
18
Suppose 2*z - 5*g + g - 32 = 0, g + 43 = 3*z. Suppose -7*y + 8*y - 24 = 0. What is the remainder when y is divided by z?
10
Suppose -3*b = -n - 8, -2*b = 4*n + 3*b - 36. Let p(l) = -l**3 - 4*l**2 + 8*l + 7. Let x be p(-5). What is the remainder when n is divided by (-2)/x + 22/8?
1
Suppose w = 6*w - 25. Let i = 32 + -18. Let m = i + -6. Calculate the remainder when m is divided by w.
3
Suppose -2*h + 44 = -28. Suppose j - 3*j = -h. Let b = 15 + -5. Calculate the remainder when j is divided by b.
8
Suppose -4*x + 189 = r, 3*r + 91 = 4*x - 94. Calculate the remainder when x is divided by 10.
7
Suppose r - 2 = 4. Suppose m + 3 = r. Suppose -h + z + 6 = 0, 6 = -0*h - h - 2*z. What is the remainder when m is divided by h?
1
Let d(f) = -f**3 + 6*f**2 - 4*f - 4. Let c be d(5). What is the remainder when 58/(-2)*(c - 2) is divided by 10?
9
Let w = -3 - -6. Suppose 2*c + 12 = -4*q, q = 5*c - 0*q - 3. Suppose 32 = 4*b - c*b. Calculate the remainder when b is divided by w.
2
Let i = 6 + -3. Suppose 0*g = i*g - 24. Calculate the remainder when g is divided by 5.
3
Let d(z) = -2*z - 8. Let c be (-2)/(-10) - (-224)/(-20). What is the remainder when 53 is divided by d(c)?
11
Let g(z) be the second derivative of 4*z**3/3 + 7*z**2/2 - 4*z. Calculate the remainder when g(6) is divided by 14.
13
Let a = -2 + 5. Let f(d) = 2*d**2 + 3. What is the remainder when f(-2) is divided by a?
2
Suppose -j = 5, -4*n - 2*j = 3*j - 95. Let m = -11 + n. What is the remainder when 36 is divided by m?
17
Let y be ((-5)/3)/((-2)/36). Suppose 5*l + 5 - y = 0. Let u = 5 - 2. Calculate the remainder when l is divided by u.
2
Suppose 0*n = -4*n + 4*q + 120, n + q = 32. Calculate the remainder when 61 is divided by n.
30
Let l(o) = 50*o - 2. Suppose -51 = -j - 2*j. Calculate the remainder when l(1) is divided by j.
14
Let n be -5*(-3 + 144/15). Let w = n + 48. What is the remainder when 44 is divided by w?
14
Calculate the remainder when 0 + 2 + (-2 - 2)/(-4) is divided by 3.
0
Suppose -2*i + 174 = 3*a, 0 = 4*i - 7*i - 5*a + 262. Calculate the remainder when i is divided by 26.
6
Suppose 5*a - 34 - 36 = 0. Let x(v) = v**2 + 10*v + 7. Let d be x(-6). Let y = d - -57. What is the remainder when y is divided by a?
12
Let a(y) = y**2 - 4*y + 9. Suppose 5*k - 2*u + 0*u - 308 = 0, -2*k - 4*u + 128 = 0. Calculate the remainder when k is divided by a(6).
20
Let w(l) = l**2 - 2*l - 10. Calculate the remainder when 72 is divided by w(7).
22
Suppose 8 = 16*v - 12*v. Let x = v + 10. What is the remainder when 44 is divided by x?
8
Let d be 4*3/(-6)*1. What is the remainder when (-72)/(-20) + d/(-5) is divided by 3?
1
Let c(j) = 56*j**2 - 1. Let k = -18 - -17. What is the remainder when c(k) is divided by 19?
17
Suppose 7*x + 6*x = 130. Calculate the remainder when 49 is divided by x.
9
Suppose -2*q - 592 = 5*o, -5*o = -3*o - q + 244. What is the remainder when o/(-5)*(-2)/(-3) is divided by 0/(-2) + (4 - -2)?
4
Let j(h) = -5*h - 3. Suppose -11 = -4*o - 63. Let q = -5 - o. What is the remainder when j(-5) is divided by q?
6
Let b(x) = 7*x + 1. Let w(k) = 7*k + 1. Let u(q) = -4*b(q) + 3*w(q). What is the remainder when u(-3) is divided by 11?
9
Suppose -2 = z - 10. What is the remainder when z is divided by 5?
3
Suppose 2*t - 5 = -1, 12 = 4*p - 4*t. Suppose -2*u = -59 + p. Suppose 3*r - 15 = -s - r, 0 = 2*r. Calculate the remainder when u is divided by s.
12
Suppose 10 = -w + 45. Let p(c) = 3*c - 6. Calculate the remainder when w is divided by p(6).
11
Suppose -m = 3*f - 0*m - 8, -12 = -3*f + 3*m. Suppose 38 + 70 = -f*n. Let t = n + 54. What is the remainder when t is divided by 10?
8
Let h be (-2)/(-4) + 81/6. Suppose r + z - h = -5, 0 = -5*z. Calculate the remainder when 15 is divided by r.
6
Let c = 3 + -2. Let x = c + 1. Suppose -18 = -x*v + 26. What is the remainder when v is divided by 8?
6
Suppose 147 = -0*t + 3*t. What is t